t is the units digit of g?
0
Let q be -1*((2 - 2) + -1). Let w = q + 6. What is the units digit of w?
7
Suppose -a + 5*a - 2*t = 162, -a + 45 = 4*t. Let r = a + -27. What is the units digit of r?
4
Suppose 3*s - 4*y = 0, -2*y = -0*s - 4*s. Suppose 4*k = -4*n + 68, s = -3*n + n - 4*k + 36. What is the tens digit of n?
1
Let y(z) = -z**3 + 8*z**2 - 6*z - 7. Let c be y(7). Suppose -2*q - 3*q + 30 = c. What is the units digit of q?
6
Let g(f) be the second derivative of -f**3/6 + f**2 + 2*f. What is the units digit of g(-2)?
4
Let k(y) = -3*y + 3*y - 2 - y + 5. What is the units digit of k(-3)?
6
Let p(k) = -7*k - 1. Let u be p(-4). Suppose u = 2*g + 7. What is the units digit of g?
0
Let l(b) = 7*b - 38. Let m(h) = -4*h + 19. Let t(j) = -3*l(j) - 5*m(j). What is the units digit of t(0)?
9
Let n = -24 + 183. What is the hundreds digit of n?
1
Suppose v + 4*m = -0*v + 135, -2*m - 719 = -5*v. What is the tens digit of v?
4
Let s = 10 + -18. Let l = -3 - s. What is the units digit of l?
5
Suppose 4*m - 5*m + 145 = 0. What is the units digit of m?
5
Let w = 5 - -22. What is the units digit of w?
7
Suppose 0*l - l + 6 = q, 0 = 3*l - 4*q + 17. Let w(r) = 8*r**3 + r**2 - 1. Let j be w(l). Suppose 2*h = m + 4 + 2, -j = 2*m - 3*h. What is the units digit of m?
2
Let f(o) = -o**2 - 4*o - 2. Let m = -1 + -1. What is the units digit of f(m)?
2
Let u = -6 + 2. What is the units digit of (20/15)/(u/(-6))?
2
Let z = 7 + -2. Suppose -q + 3*q - 4*g = -6, 0 = -5*q - z*g + 45. What is the units digit of q?
5
Let a = -54 + 36. Let s be (a/(-12))/((-2)/(-4)). Suppose -1 = -p + u - 0, -s*p + 28 = 2*u. What is the units digit of p?
6
Let x(k) = 3*k**3 + k**2 - 2*k + 1. Let f be x(1). Let m = f - -1. Suppose 0 = -i + 1, 3*w - m*w = -i - 9. What is the units digit of w?
0
Suppose -2*p - 9 + 3 = 4*c, 0 = 5*p + c - 21. Suppose -13 - 22 = -p*h. What is the units digit of h?
7
Let n(l) = 2*l**2 + 6*l**2 - l**3 - 8 + 5*l + 2*l**3. Let r be n(-7). Let b(k) = k**3 - 7*k**2 + 8*k - 7. What is the units digit of b(r)?
5
Suppose -6*l + 50 = -l. Suppose -3*o = l + 2, 11 = h - o. What is the units digit of h?
7
Suppose -2*i + 12 = -2*n, -5*n = -i - 0 + 22. What is the units digit of i?
2
Let m be (2/2)/(3/(-9)). Let x = 0 - m. What is the units digit of x?
3
Let c be (-42 - (-3 - -2)) + 2. Let l = c - -72. What is the units digit of l?
3
Let w(h) = 2*h**2 - 2*h + 1. Let k(z) = -z**2 + z. Let m(q) = -3*k(q) - w(q). What is the units digit of m(4)?
1
Suppose 2*o + 3*m - 4*m + 4 = 0, 2*o + 4*m - 16 = 0. Suppose 0 = -3*l - o*l + 114. What is the tens digit of l?
3
What is the units digit of (3040/(-48))/(4/(-6))?
5
Let r(h) = h**3 + 11*h**2 + 6*h + 16. What is the units digit of r(-9)?
4
Let c(j) = 8*j**2 - 2*j + 1. Suppose 5*d - 2*d - 3 = 0. Let n be c(d). Suppose -g = -n + 2. What is the units digit of g?
5
Suppose g + 26 = 2*b, 2*b - 2*g = -b + 40. What is the units digit of b?
2
Let s be (-1 - 8) + 3/1. Let v(o) = -4*o - 9. What is the units digit of v(s)?
5
Let x(j) = 7*j - j**3 - 10 - 5*j**2 - j**2 - 4*j. Let m be x(-7). Suppose -2*c + m = -0*c. What is the units digit of c?
9
Let g be 1/2*(1 + 23). Suppose -3*c = -3*m - 9, -9 = 5*c + 4*m - m. Suppose c = 3*s - 0 - g. What is the units digit of s?
4
Let y = 4 - 6. Let m(s) = 2*s**2 + s - 2. What is the units digit of m(y)?
4
Let h be 6*3/(-6)*-1. Suppose 5*y - 4*y + 5*t = h, 0 = -2*y - t + 24. What is the units digit of y?
3
Let v = -79 - -219. Suppose -2*l = -6*l + v. What is the units digit of l?
5
Suppose 63 = -5*r - 4*m, 2*r + 5 = 3*m - 11. Let j be (3 - 4) + 7*-1. Let o = j - r. What is the units digit of o?
3
Suppose -5*w - 8 = -3*w. Let c = w - -7. What is the units digit of c?
3
Suppose -3*s + 13 + 55 = k, -2 = -k. What is the units digit of s?
2
Suppose -3*t - 2 = -4*d - 8, 5*d = 5*t - 10. Suppose 3*a + t*v - 2 - 3 = 0, -5*a + 5*v + 25 = 0. What is the units digit of a?
3
Let d be 4/(-14) + 80/35. Let v be (1 - (-1)/d)*4. What is the units digit of v/(-9) - 56/(-12)?
4
Suppose -2*h = h. Suppose 2*n = 2*u - 72, 5*n = -h*u - u + 6. What is the units digit of u?
1
Let r(i) = -10*i**2 + 10*i - 9. Let w(y) = -21*y**2 + 21*y - 19. Let p(k) = -13*r(k) + 6*w(k). What is the tens digit of p(3)?
2
Suppose -8*m = -7*m - 26. What is the tens digit of m?
2
Let d(h) be the first derivative of -4*h**3/3 + h**2/2 - 2. Let o be d(2). What is the units digit of 2*(o/(-4) - 3)?
1
Let v be 2 + (-1)/((-1)/(-2)). Let d = -3 + 7. Suppose -d*n + 16 = -v*n. What is the units digit of n?
4
Suppose 4*y + 7 = -1, -5*w - 2*y + 16 = 0. Suppose w*s - 16 = -4. Suppose 45 = s*d + 2*d. What is the units digit of d?
9
Let a(u) = u**2 - 1. Suppose 0 = -2*f + 5*f + 5*o + 18, -3*f - 4*o = 15. Let y be f/2 + 7/2. What is the units digit of a(y)?
8
Suppose 2*y = 7*y + 5. Let o be (1/(-2))/(y/2). What is the units digit of (1 - -5) + 0/o?
6
What is the units digit of (1 + 5/(-3))*(-6 + -204)?
0
Suppose -2*i + 55 + 221 = -3*n, 5*i - 736 = -4*n. What is the hundreds digit of i?
1
Let q = 2 - 2. Suppose -1 - 12 = m + 3*l, -2*m - 2*l = 10. What is the units digit of (m - q)*(-3)/1?
3
Suppose 4*n + j = -3*j + 572, -4*n - 2*j + 564 = 0. What is the units digit of n?
9
Let p = 123 - 16. What is the units digit of p?
7
Let q be 1 - (1 + 1*-3). Let o(g) be the third derivative of -g**6/120 + g**5/12 - g**4/12 - g**3/3 - 6*g**2. What is the tens digit of o(q)?
1
Suppose 0 = 5*s + 25, 0*d + 2*s + 790 = 5*d. What is the hundreds digit of d?
1
Suppose -4*x + 6 = -2*x. Suppose q = x*q - 42. What is the units digit of q?
1
Let x(p) = -2 - 1 + 0 - 4*p. Let j be x(-2). Suppose 0 = -10*k + j*k + 5. What is the units digit of k?
1
Suppose h - 13 = 2*s, -5*s - 3*h - 28 = -1. Let i be (138/(-9))/(4/s). Suppose 2*t - 2*k - i = -k, -50 = -5*t + 5*k. What is the units digit of t?
3
Suppose 5*v - 2*g + 5*g = 116, 3*v = -5*g + 60. Let a = v - 12. What is the tens digit of a?
1
Let u be (-11)/(-5) + 5/(-25). Suppose 4*s = u*f + 40, -s + 3*s + 5*f = -4. What is the units digit of s?
8
Suppose t + 3 = -2*t. Let w(f) = -9*f**3 + 5*f**2 - 3. Let z(j) = 13*j**3 - 8*j**2 + 5. Let u(l) = 8*w(l) + 5*z(l). What is the units digit of u(t)?
8
Suppose -6*v + v = 2*x, 42 = 3*x - 3*v. Suppose -5*q + x = -5. Let f(t) = -t**3 + 4*t**2 - t - 3. What is the units digit of f(q)?
3
Suppose c - 3*c = 0. Suppose c*r + r + 4*s = 0, -3*r + 3*s = -30. What is the units digit of r?
8
Let o = 56 + -32. What is the tens digit of o?
2
Let p(b) be the second derivative of 7*b**4/12 - b**2/2 + b. What is the units digit of p(1)?
6
Suppose -7*t + 2*t = -175. What is the units digit of 14/t - (-206)/10?
1
Suppose 0 = l - x - 9, -l - 2 + 11 = 3*x. Suppose -l = 3*r - 54. What is the tens digit of r?
1
Suppose -4*o = -2*j - 4, 4*j = 6*j - 2*o + 4. Let y = j + -1. What is the units digit of (-2 - (-3)/y) + 21?
8
Let d = 1 + 0. Let t(n) = n - 4. Let v be t(4). Let x = d + v. What is the units digit of x?
1
Let d = 8 + -4. Suppose -d*t - 5*u = -16, 8 = -5*t + 3*u - 9. Let k(a) = -6*a. What is the units digit of k(t)?
6
Let g be (-4)/(-20) - 9/(-5). Suppose 5*m - 67 = 3*v, -g*m - 5*v - 5 = -38. What is the units digit of m?
4
Let o(l) = 43*l**3 + 2*l - 1. Let v be o(1). Suppose 2*a + 7 = 3*a - x, 0 = -5*a - 4*x + v. What is the units digit of a?
8
Let r = -11 + 37. Let y = -5 + r. What is the units digit of y?
1
Let j(a) = a**2 - 8*a + 2. Suppose -2*k + 2 = 12, -2*k = 3*b - 14. Let v be j(b). Let g = v - 1. What is the units digit of g?
1
Suppose -1 = 3*m - 7. Let z = 10 - m. What is the units digit of z?
8
Suppose y - 59 = -2*l + 6*l, -y + 59 = -3*l. What is the tens digit of y?
5
Suppose 2*d + d = i + 27, 0 = -3*d - i + 21. Let r = 1 + d. What is the units digit of r?
9
Suppose 4*l = 2*v + 8, -4*v = 3*l - 3*v - 11. Suppose -l*b = -2*b. What is the tens digit of (-1 - b) + (-7 - -19)?
1
Let u(w) = w**2 + w + 1. What is the tens digit of u(-9)?
7
Suppose z - 2*k - 11 = -5*k, -5*z + 16 = 2*k. Suppose -2*t = z*m - 10 - 24, 4*m + 94 = 5*t. What is the tens digit of t?
1
Let w(m) = m**3 + 3*m**2 - 6*m + 7. Let t(u) = u - 1. Let v(y) = 6*t(y) + w(y). Let k be v(-3). What is the tens digit of 14 + (k - 4 - -1)?
1
Suppose 7*a + 150 = 10*a. Let k = a - 23. What is the units digit of k?
7
Let z(k) = -k**2 - 8*k - 1. Let a = 6 - 12. 